t) = 3*t**2 - 10*t - 4. Let o be y(w). What is c(o)?
-5
Let q(v) = -16*v + 779. Let x be q(49). Let z = -7 + 9. Let b(d) = -z*d**2 + 2*d + 3 + d + 3*d**2 + 4*d. Give b(x).
-7
Suppose 5*p = -14*p + 1615. Suppose 12*b - p - 47 = 0. Let m(r) = -r + 12. What is m(b)?
1
Let i(j) be the first derivative of -j**2 + 8*j - 5738. Suppose 8 = -3*p + 38. Give i(p).
-12
Let d(z) = 2*z + 4. Suppose 3*h + 5*v - 135 = 0, 3*h - 3*v - 72 = 63. Let w = h - 67. Let k be w/154 - 27/7. Determine d(k).
-4
Suppose -5*c = 309 - 1174. Let a = c + -172. Let g(r) = -r + 1. Let y(w) = 21*w - 4. Let j(z) = -3*g(z) - y(z). Give j(a).
-17
Let t(d) = -53*d + 3772. Let r be t(71). Let u(v) = -2*v**2 + 28*v - 85. Calculate u(r).
5
Let o(r) = -2*r**3 + 11*r**2 - 3*r + 8. Suppose -4*g + 15*g + 3624 = 3690. Calculate o(g).
-46
Let q be -7*(-14)/(-14) - -15. Let l(r) = r**3 - 8*r**2 - 1. What is l(q)?
-1
Let a(u) = -21*u - 86. Let c(p) = -442*p - 1819. Let y(l) = 85*a(l) - 4*c(l). Determine y(-11).
153
Let f(u) = u + 1. Let a(v) = 3*v + 7. Let c(b) = -a(b) + 2*f(b). Suppose -1832 = -52*p + 3420. Suppose 0 = 109*h - p*h + 24. Determine c(h).
-2
Suppose 0 = -2*f - 5*m - 14, 5*m = 2*f - 0*f - 26. Let j(s) = -4*s**2 - 88*s**3 - 8*s + 41*s**f + 4 + 48*s**3. Determine j(5).
-11
Let r(p) = 30*p - 194. Let m be r(7). Let n = -40 + 22. Let g = m + n. Let i(w) = -w**3 - w**2 + 3*w + 3. What is i(g)?
1
Let k(q) = -17*q + 2. Suppose 21*p - 95 = 640. Suppose 116*u - p = 81*u. Give k(u).
-15
Let l(o) = -o**2 + 7. Let y(b) = 3*b**2 + 22*b - 24. Let n be y(-12). Let w = n - 144. What is l(w)?
7
Suppose -8*h - 28 = -15*h. Suppose h*u = -3*g - 10 + 55, 3*u = 9. Suppose -g = 6*v - 35. Let w(o) = o**2 - 3*o + 2. What is w(v)?
6
Let c(p) = 14*p + 198. Suppose -362*n = 479 + 3503. What is c(n)?
44
Let r(k) = -2*k. Let o(w) = -2*w. Let u(h) = -3*o(h) + 2*r(h). Let i(b) = 9*b + 3. Let p(c) = -i(c) + 6*u(c). Give p(-4).
-15
Suppose 0 = 3*s - 4*g + 7, 7 = s - 0*s + g. Let r(p) = 5*p - 3*p - 2 - s*p - p**2 + 0*p**2. What is r(-4)?
-14
Let j = -13 + 18. Let l(v) = -v**2 - 2*v - 1. Let r(p) = 14*p**2 + 22*p + 8. Let n(x) = 13*l(x) + r(x). What is n(j)?
0
Let j(g) = 3*g**3 - 16*g**2 + 7*g - 5. Let d be (8 + 2)*3/42*7. What is j(d)?
5
Let t(q) = -2*q + 14. Let i(u) = u**2 + 50*u + 548. Let j be i(-34). Give t(j).
6
Let z(l) = -3*l**2 + 0 - 1 - 4*l + 2*l**2 + 2. Suppose -2*i - 15 = -5*i, 3*i = -3*m - 183. Let q = -69 - m. Determine z(q).
4
Let m(i) = -i**3 - 15*i**2 + 4*i + 243. Let w be m(-14). Let d(g) = g**3 + 9*g**2 - 3*g - 35. What is d(w)?
-8
Suppose 46*b = 41*b + 55. Let q(u) = b*u - 9 - 1 + 8*u**2 - 4*u**3 + 3*u**3 - 4. What is q(9)?
4
Let b(q) be the third derivative of -1/120*q**6 - 85*q**2 + 0 + q**3 + 1/24*q**4 + 0*q + 0*q**5. Determine b(0).
6
Let x(f) = -f + 11. Let d(n) = -48*n**3 + 11*n**2 - 9*n**2 + 0*n**2 - 1. Let j be d(1). Let p = 56 + j. Give x(p).
2
Let h(q) = 18*q - 22. Let i(x) = 10*x - 9. Let m(w) = -w - 1. Let a(y) = -i(y) - m(y). Let p(r) = -7*a(r) - 3*h(r). Let b = 1 + 2. Determine p(b).
23
Let i(c) = 1 - 5*c**2 + 4*c**2 + 2*c**2 + 7*c. Let m be (-15 - (11 + -23))*(-16)/(-6). Give i(m).
9
Let w be (-2)/6*(-1 - -16). Let a(c) = -6*c**2 - 199*c + 10. Let s(g) = g**2 + 38*g - 1. Let x(m) = a(m) + 5*s(m). Give x(w).
25
Let d(a) = a**2 - a. Let t(o) = 4*o**2 + 5*o + 77. Let k(p) = 5*d(p) - t(p). Let j(l) be the first derivative of k(l). What is j(6)?
2
Suppose -5*s - 15 = -m, -5*m - 2*s + 25 = -50. Let o(l) be the first derivative of -l**4/4 + 14*l**3/3 + 8*l**2 - 9*l + 177. Calculate o(m).
6
Let q be 57 + -57 - (9 + -2). Let j(n) = n**3 + 10*n**2 + 10*n + 3. Calculate j(q).
80
Let v(x) = -19*x + 29*x - 4*x + 1 - 6*x**2 + x**3. Let c = -37 + 69. Let n = c + -27. What is v(n)?
6
Let l = 612 + -610. Let f(i) = -1 + 0 + l + i - 2 - 2*i - 14*i**2. Let c = -3 - -2. What is f(c)?
-14
Let q(o) = 9*o - 12*o**2 + 79 + 10*o**2 - 36*o + 80*o. What is q(28)?
-5
Let g(a) be the third derivative of -a**5/60 - 7*a**4/24 - a**3 - 998*a**2 + 1. What is g(-4)?
6
Let j(f) = -12*f - 10. Let y(k) = 27*k + 23. Let w(v) = 5*j(v) + 2*y(v). Suppose -7 = -3*c + 2. What is w(c)?
-22
Let z be ((-18)/(-8))/((-6)/(-16)). Let o(k) = -33625*k - 33626*k + 134497*k - 33622*k + 7 - 33630*k + k**2. Calculate o(z).
7
Let z(f) = 15 + 0*f - 5*f - 9*f - f + f**2. Calculate z(9).
-39
Let a(k) = k - 109. Let s(u) = -38. Let l(i) = 3*a(i) - 8*s(i). Let b(y) = -2. Let w(m) = 3*b(m) - l(m). Determine w(8).
-7
Let i(s) = -4*s**2 - 9*s + 7. Let z(q) = q**2 + 2*q. Let r(k) = -i(k) - 5*z(k). Let j(w) = -w**2 - w - 9. Let n(p) = 5*j(p) - 6*r(p). Determine n(0).
-3
Let s be (-402)/(-603) + (-1)/(-3). Let u(v) = -9*v**2 - 2*v + 1. Give u(s).
-10
Let k(f) = 15*f**2 - f**3 + 22276*f - 11151*f + 2 - 11139*f. Let a = -15 + 29. Determine k(a).
2
Suppose 14 = -2*k - 4. Let v(h) = 8 - 48184*h**2 + 48185*h**2 + 9*h + h. Calculate v(k).
-1
Let t(p) = p**3 + 4*p**2 + 4*p + 2. Let j be t(-2). Let m(h) = -1 - h**2 - 5*h**2 + 2*h**2 + j*h. Suppose -3888 = 4*d - 3896. Calculate m(d).
-13
Let k(a) = 402*a**2 - 135*a**2 - 7 - 138*a**2 + 2*a - a**3 - 133*a**2. Let j = 11 + -16. What is k(j)?
8
Let p be (-8 + 0)*(-1 - 0). Suppose 12*f - 209 = 751. Let x(o) = -o**2 + f - p*o - 80. Calculate x(-7).
7
Let g(f) = -41 + 0*f**3 + f**3 + 13764*f - 6*f**2 - 13766*f. What is g(7)?
-6
Suppose 3*t = -0*t - 87. Let s = t + 34. Suppose -4*x - 15 = -s*p, x = 3*p - 0*p - 2. Let y(h) = 2*h + 5. Calculate y(x).
-5
Let k(h) be the second derivative of h**4/6 + 2*h**3 - 6*h**2 + 859*h. Give k(-6).
-12
Let u(v) = 9*v**2 - 407*v + 86. Suppose 12*r + 3*n + 192 = 16*r, 3*r + 3*n = 123. Calculate u(r).
-4
Suppose 13 = w - 4*l, -99*w + 101*w - 3*l - 16 = 0. Let g(q) = 4*q + 21. What is g(w)?
41
Let s(z) be the second derivative of -z**5/20 - 3*z**4/4 - 13*z**3/6 - z**2/2 - 2111*z. Determine s(-7).
-8
Let i(h) = 2*h**2 - 3*h - 16. Let j be i(4). Suppose -4*p + 2*d = 16, 10 = j*p - 3*d + 26. Let t(f) = f + 0*f - 1 - 4*f**2 + 3*f - f**3. What is t(p)?
-17
Let a be 23/4 + 1/4. Let d(x) be the second derivative of x**5/20 - 5*x**4/12 - x**3 - 3*x**2/2 - 23152*x. What is d(a)?
-3
Let m(o) = -o - 1. Let h(j) = j**2 + 1. Let w(l) = -h(l) - 4*m(l). Let a be 22 + -14 + 1 + -9. Suppose 4*r + r - 15 = a. Determine w(r).
6
Suppose 9991 - 359 = 14*h. Let u = h - 699. Let r(t) = -t**3 - 12*t**2 - 11*t - 11. What is r(u)?
-11
Let d(w) = w**2 + 12*w + 1. Let s(i) be the second derivative of i**4/12 + 13*i**3/6 + 44*i. Let n(x) = -6*d(x) + 5*s(x). What is n(-7)?
-6
Let k(y) be the second derivative of -1/6*y**3 + 5*y - y**2 - 12. Calculate k(7).
-9
Let n = 87 - 93. Let h be (n - -11) + 3 + (-2 - -2). Let t(i) be the first derivative of -i**2/2 - 3*i + 7. Determine t(h).
-11
Let v(i) = -67*i - 167. Let n(f) = 641*f + 1504. Let r(u) = 2*n(u) + 19*v(u). Determine r(17).
-12
Let l(n) = -8*n**2 + 6*n - 6. Let d(m) = 7*m**2 - 5*m + 5. Let q(r) = -6*d(r) - 5*l(r). Suppose 1410*w - 2853*w = -1384*w - 177. Determine q(w).
-18
Let r = -4692 + 4680. Let l(d) = 2*d**2 + 16*d - 89. Calculate l(r).
7
Suppose 12*u = 5*u + 2450. Let b(z) = u - 350 - z**2. What is b(-3)?
-9
Let x(f) = -4*f - 1. Let o(n) = -2*n - 33. Let g be o(-16). Let c(p) = p. Let b(l) = -4*l - 7. Let w(y) = g*b(y) - 6*c(y). Let z be w(4). What is x(z)?
3
Let i(u) = -u**2 + 4*u - 3. Let a be 2*(2 - (1 + 0)). Let l be i(a). Let c(q) = -130*q + 255*q - 98*q**2 - 126*q + 99*q**2. Give c(l).
0
Let q be -2 + 1 + 3*3. Let t = 400 + -373. Let m(k) = -12*k - t*k + 8 + 37*k. Calculate m(q).
-8
Let m(f) = 2*f**2 - 3*f + 1. Let h(t) = -t**2 + 19*t - 13. Let w = -57 + 75. Let k be h(w). Suppose 3*y + 2*c = 8, -2*c = -y + k*y - 10. Give m(y).
3
Let s(a) be the second derivative of -a**4/12 - 2*a**3 + 31*a**2 + 863*a. Give s(-16).
-2
Let p(l) be the first derivative of l**5/120 + 110*l**3/3 + 264. Let m(s) be the third derivative of p(s). Give m(-1).
-1
Suppose 2*l + 187 = r, l + 414 = 2*r + 5*l. Let p = r - 199. Let o(n) = n**3 + n**2 + n + 1. Calculate o(p).
-5
Let f(z) be the third derivative of -z**6/120 - z**5/12 - 5*z**4/24 - 2*z**3/3 - 5*z**2 + 338. Calculate f(-6).
62
Let d = 23 + -17. Let h(q) be the third derivative of q**6/120 - 2*q**5/15 + 7*q**4/24 + 2*q**3/3 + 2262*q**2. Determine h(d).
-26
Let q(x) = 64*x + 79. Let t(b) = -606*b - 712. Let a(